o base 9.
-5482640
Convert -3557408 (base 10) to base 6.
-204125252
What is -206622 (base 8) in base 9?
-114587
-b4ebb (base 16) to base 15
-e9886
1085262 (base 9) to base 5
122302132
What is -33041151 (base 6) in base 15?
-146dcd
What is 3245476 (base 8) in base 13?
246729
Convert -1430433204 (base 5) to base 10.
-3764804
Convert 75c1a (base 15) to base 9.
628887
What is 2515021 (base 6) in base 9?
224544
Convert 533213043 (base 6) to base 8.
43656263
-14233 (base 11) to base 15
-5ee8
3727 (base 15) to base 14
43c5
645635 (base 8) to base 11
138292
-101111100011001000000 (base 2) to base 4
-11330121000
What is -1022a (base 11) in base 5?
-434130
-117949 (base 10) to base 13
-418c0
-31012130232 (base 4) to base 7
-41122332
Convert 568a947 (base 11) to base 7.
150423222
Convert -370204 (base 9) to base 16.
-36808
What is -b10bb (base 14) in base 2?
-1100111111000001101
Convert 12202200110 (base 3) to base 4.
123231111
Convert 144150200 (base 7) to base 12.
324b63b
Convert -65b575 (base 15) to base 12.
-175949b
Convert 1000011010101101111100 (base 2) to base 4.
20122231330
Convert 6309343 (base 10) to base 14.
ba3475
What is 35560744 (base 8) in base 5?
3443303301
What is -928e3 (base 15) in base 3?
-212121000120
Convert 18a7b3 (base 14) to base 10.
874121
-32300140 (base 5) to base 12
-113205
Convert 327325 (base 9) to base 14.
51422
Convert 485a7 (base 11) to base 14.
1b6b4
Convert 1621185 (base 10) to base 2.
110001011110011000001
Convert 241101201 (base 5) to base 2.
100001111101001100100
-1102120002021 (base 3) to base 5
-143241300
Convert 2183133 (base 9) to base 5.
300123332
-85478a (base 11) to base 3
-2120111101022
Convert 82ca3 (base 13) to base 10.
235043
2689207 (base 11) to base 2
10001101100100001000000
Convert -2500436 (base 7) to base 9.
-536312
What is 352597 (base 12) in base 10?
854467
1871236 (base 9) to base 3
1222101021020
-147a85 (base 11) to base 7
-1646145
Convert -2a11b1 (base 16) to base 11.
-1613451
Convert -4503313 (base 7) to base 13.
-165cb2
What is 2032320022 (base 4) in base 6?
20313214
1a2883 (base 14) to base 11
5850a7
-142146 (base 7) to base 10
-27180
Convert -2a222 (base 11) to base 13.
-1667a
What is 375580 (base 11) in base 16?
90c5c
-3089564 (base 11) to base 8
-24611561
82e0 (base 16) to base 3
1200221220
What is -3729470 (base 11) in base 3?
-110012102012001
What is -34650 (base 15) in base 11?
-104357
What is -758501 (base 9) in base 3?
-211222120001
Convert 85879 (base 11) to base 8.
363645
-890a501 (base 11) to base 3
-1002102101101001
Convert 768138 (base 9) to base 5.
104134112
10101101110010101111 (base 2) to base 14
1475cb
What is 211221200200 (base 3) in base 15?
8dcc0
Convert -113222125 (base 6) to base 16.
-205205
Convert -351534 (base 7) to base 4.
-33120333
What is 44a306 (base 12) in base 7?
12213210
27799 (base 12) to base 9
83020
Convert 55a0e (base 15) to base 8.
1023610
What is 231126 (base 13) in base 10?
830667
What is -11100100111110111010100 (base 2) in base 13?
-1729342
-11222112210221 (base 3) to base 4
-22012210000
-20a1333 (base 11) to base 6
-211041102
Convert 94267 (base 14) to base 16.
57353
Convert 177324 (base 11) to base 2.
1000010101101011100
What is -14dbd3 (base 14) in base 3?
-1101001200120
What is -248db5 (base 14) in base 13?
-34b9c4
-22003525 (base 7) to base 10
-1883677
-70560 (base 14) to base 3
-111201100010
Convert 112230232 (base 4) to base 8.
265456
-278876 (base 9) to base 8
-515116
Convert e2c7 (base 15) to base 5.
3013022
Convert -588d42 (base 14) to base 12.
-1018326
What is -30253345 (base 6) in base 4?
-3102212201
-1221232200 (base 4) to base 16
-69ba0
Convert 447105 (base 10) to base 7.
3541341
Convert -153467 (base 8) to base 15.
-114d0
-143200425 (base 6) to base 16
-2d1721
What is -809563 (base 14) in base 3?
-22010220101110
2354200 (base 6) to base 14
332d2
Convert 21852a (base 15) to base 12.
650604
What is -12633 (base 14) in base 8?
-130105
What is 24073167 (base 8) in base 6?
305004555
232492 (base 10) to base 2
111000110000101100
What is -9079922 (base 10) in base 16?
-8a8c72
ab140 (base 12) to base 5
24222220
What is -e0be (base 16) in base 5?
-3320114
219cc (base 14) to base 5
10102040
What is -1123033313 (base 4) in base 8?
-1331767
What is 4003456 (base 8) in base 15?
15b379
114431322 (base 5) to base 13
1615a6
57659 (base 13) to base 4
212320220
103223221 (base 4) to base 10
80617
-265506 (base 10) to base 6
-5405110
328804 (base 9) to base 11
124907
What is -1010110001111101001 (base 2) in base 16?
-563e9
-b21a9 (base 12) to base 14
-606ad
-1000101010010010101 (base 2) to base 10
-283797
What is 16d7 (base 14) in base 3?
12122012
Convert bc8c0 (base 13) to base 12.
145b37
Convert 130020102 (base 4) to base 11.
79624
110121233 (base 4) to base 9
136562
Convert 1414205 (base 6) to base 12.
3a365
806522 (base 10) to base 3
1111222100012
What is 44650 (base 11) in base 16?
fc9d
-5201417 (base 8) to base 3
-2120221221110
What is 21c2f (base 16) in base 15?
2ae92
What is -3722577 (base 8) in base 15?
-153c57
303211321 (base 4) to base 16
33979
What is -1200100012012 (base 3) in base 2?
-11011001111000010100
Convert -1102200221122 (base 3) to base 4.
-2321332220
-8c5c4 (base 16) to base 5
-121344131
What is -50635 (base 7) in base 13?
-57c1
What is 55204 (base 7) in base 14?
5074
What is -55a214 (base 11) in base 10?
-892027
Convert -11022120010 (base 4) to base 7.
-14334151
Convert 230010233 (base 4) to base 16.
2c12f
-5112 (base 6) to base 13
-686
-2766530 (base 11) to base 8
-22136345
Convert 10421202 (base 5) to base 12.
45330
618b (base 13) to base 8
32232
Convert 122011311 (base 4) to base 3.
12102121010
b11389 (base 12) to base 11
1615820
-506cc (base 15) to base 14
-68b47
-4136472 (base 9) to base 4
-20123113223
What is -414053 (base 9) in base 5?
-30330341
What is 750d (base 14) in base 5?
1121301
Convert 16759 (base 12) to base 8.
76665
Convert -20023b (base 14) to base 13.
-2b8a55
-167881 (base 9) to base 2
-11001011100101111
What is -3b052 (base 13) in base 5?
-12004132
Convert 10001022210112 (base 3) to base 15.
2201ce
What is 193b1a (base 12) in base 11?
2822a2
-3130223 (base 5) to base 4
-30223202
What is 520350 (base 6) in base 15?
c4e0
What is -2645a1 (base 11) in base 9?
-703558
743755 (base 10) to base 14
155095
What is 100011010001001110011 (base 2) in base 14?
22125d
What is 52ac6 (base 16) in base 6?
11131422
-20211210212111 (base 3) to base 8
-15700557
What is -10010110100111110 (base 2) in base 6?
-1353010
What is 1034704 (base 9) in base 8?
2073163
What is -11000001101100111 (base 2) in base 5?
-11133200
120021120200 (base 3) to base 5
34111041
What is -1004811 (base 10) in base 6?
-33311523
Convert 1b9ba9 (base 12) to base 9.
832813
45526322 (base 7) to base 12
13b756b
Convert 24214202 (base 5) to base 6.
4503041
-20003130 (base 5) to base 16
-263f9
Convert -32421334 (base 5) to base 7.
-2243100
What is -1463223 (base 7) in base 14?
-53083
Convert 11b317 (base 15) to base 4.
3032333032
Convert -4b0 (base 13) to base 4.
-30303
Convert -3339546 (base 10) to base 14.
-62d070
Convert 23034513 (base 6) to base 7.
5663520
-4442140 (base 5) to base 14
-204cb
6949 (base 11) to base 14
3480
-1758158 (base 9) to base 16
-f0203
3300232302 (base 4) to base 6
33044550
What is -33ac29 (base 16) in base 5?
-1331331114
Convert -436bb (base 12) to base 16.
-15c2f
Convert 5271b (base 16) to base 12.
14350b
-166105 (base 8) to base 7
-341225
Convert 112100031223 (base 4) to base 5.
2443133304
Convert 15415122 (base 8) to base 2.
1101100001101001010010
What is 1bcdca (base 14) in base 15?
14a1d9
15041 (base 7) to base 10
4145
What is -87986 (base 10) in base 13?
-31082
What is 11515455 (base 9) in base 14?
a64295
-17023 (base 15) to base 8
-221053
What is -125c90 (base 13) in base 6?
-13244105
-12a64b (base 12) to base 7
-2423303
Convert 3325530 (base 8) to base 12.
372508
1001001111110001010 (base 2) to base 8
1117612
Convert -ace084 (base 15) to base 8.
-37356460
Convert 100011100001001101 (base 2) to base 9.
241510
1d827 (base 14) to base 11
51960
What is 10103212220 (base 4) in base 10?
1128872
Convert -212020201 (base 3) to base 15.
-504d
What is -454138 (base 10) in base 3?
-212001221221
1a394 (base 13) to base 11
35489
-101336 